{"id":367,"date":"2022-12-10T10:43:29","date_gmt":"2022-12-10T10:43:29","guid":{"rendered":"https:\/\/boardingpassdmc.ma\/mice\/?page_id=367"},"modified":"2022-12-22T22:54:23","modified_gmt":"2022-12-22T22:54:23","slug":"testimonials","status":"publish","type":"page","link":"https:\/\/boardingpassdmc.ma\/mice\/testimonials\/","title":{"rendered":"Testimonials"},"content":{"rendered":"[vc_row type=&#8221;full_width_background&#8221; full_screen_row_position=&#8221;middle&#8221; column_margin=&#8221;default&#8221; column_direction=&#8221;default&#8221; column_direction_tablet=&#8221;default&#8221; column_direction_phone=&#8221;default&#8221; bg_color=&#8221;#000000&#8243; scene_position=&#8221;center&#8221; top_padding=&#8221;10&#8243; bottom_padding=&#8221;10&#8243; text_color=&#8221;dark&#8221; text_align=&#8221;left&#8221; row_border_radius=&#8221;none&#8221; row_border_radius_applies=&#8221;bg&#8221; overlay_strength=&#8221;0.3&#8243; gradient_direction=&#8221;left_to_right&#8221; shape_divider_position=&#8221;bottom&#8221; bg_image_animation=&#8221;none&#8221; shape_type=&#8221;&#8221;][vc_column column_padding=&#8221;no-extra-padding&#8221; column_padding_tablet=&#8221;inherit&#8221; column_padding_phone=&#8221;inherit&#8221; column_padding_position=&#8221;all&#8221; column_element_spacing=&#8221;default&#8221; background_color_opacity=&#8221;1&#8243; background_hover_color_opacity=&#8221;1&#8243; column_shadow=&#8221;none&#8221; column_border_radius=&#8221;none&#8221; column_link_target=&#8221;_self&#8221; gradient_direction=&#8221;left_to_right&#8221; overlay_strength=&#8221;0.3&#8243; width=&#8221;1\/2&#8243; tablet_width_inherit=&#8221;default&#8221; tablet_text_alignment=&#8221;default&#8221; phone_text_alignment=&#8221;default&#8221; bg_image_animation=&#8221;none&#8221; border_type=&#8221;simple&#8221; column_border_width=&#8221;none&#8221; column_border_style=&#8221;solid&#8221;][vc_column_text]\n<h4 style=\"text-align: center;\"><span style=\"color: #ffffff;\">Richard DI MEGLIO<\/span><\/h4>\n<h5 style=\"text-align: center;\"><span style=\"color: #ffffff;\"><b>PDG. VLS<\/b><\/span><\/h5>\n<p><img loading=\"lazy\" decoding=\"async\" class=\"wp-image-396 aligncenter\" style=\"width: 100px; border-radius: 50%;\" src=\"https:\/\/boardingpassdmc.ma\/mice\/wp-content\/uploads\/2022\/12\/logo_vls_200x165en.jpg\" alt=\"\" width=\"124\" height=\"102\" \/>[\/vc_column_text][vc_custom_heading text=&#8221;VLS choisit BOARDING PASS DMC comme partenaire exclusif au Maroc pour toutes les exigences professionnelles car la soci\u00e9t\u00e9 est dirig\u00e9e par des experts reconnus et de premier plan de l&#8217;industrie du tourisme&#8230; Quels que soient vos besoins, il y a toujours une solution avec une r\u00e9activit\u00e9 importante, de haut niveau de professionnalisme accompli dans le calme et la s\u00e9r\u00e9nit\u00e9..!&#8221; font_container=&#8221;tag:p|text_align:center|color:%23ffffff&#8221; use_theme_fonts=&#8221;yes&#8221;][\/vc_column][vc_column column_padding=&#8221;no-extra-padding&#8221; column_padding_tablet=&#8221;inherit&#8221; column_padding_phone=&#8221;inherit&#8221; column_padding_position=&#8221;all&#8221; column_element_spacing=&#8221;default&#8221; background_color_opacity=&#8221;1&#8243; background_hover_color_opacity=&#8221;1&#8243; column_shadow=&#8221;none&#8221; column_border_radius=&#8221;none&#8221; column_link_target=&#8221;_self&#8221; gradient_direction=&#8221;left_to_right&#8221; overlay_strength=&#8221;0.3&#8243; width=&#8221;1\/2&#8243; tablet_width_inherit=&#8221;default&#8221; tablet_text_alignment=&#8221;default&#8221; phone_text_alignment=&#8221;default&#8221; bg_image_animation=&#8221;none&#8221; border_type=&#8221;simple&#8221; column_border_width=&#8221;none&#8221; column_border_style=&#8221;solid&#8221;][vc_column_text]\n<h4 style=\"text-align: center;\"><span style=\"color: #ffffff;\">Chantal FARIS<\/span><\/h4>\n<h5 style=\"text-align: center;\"><span style=\"color: #ffffff;\"><b>President of C.A <\/b><\/span><\/h5>\n<p><img loading=\"lazy\" decoding=\"async\" class=\"wp-image-396 aligncenter\" style=\"width: 100px; border-radius: 50%;\" src=\"https:\/\/boardingpassdmc.ma\/mice\/wp-content\/uploads\/2022\/12\/p6ZidTD5BRfmlD3sjTlQ2k01PRWGSPHzKEIfy867.jpg\" alt=\"\" width=\"124\" height=\"102\" \/>[\/vc_column_text][vc_row_inner column_margin=&#8221;default&#8221; column_direction=&#8221;default&#8221; column_direction_tablet=&#8221;default&#8221; column_direction_phone=&#8221;default&#8221; text_align=&#8221;left&#8221;][vc_column_inner column_padding=&#8221;no-extra-padding&#8221; column_padding_tablet=&#8221;inherit&#8221; column_padding_phone=&#8221;inherit&#8221; column_padding_position=&#8221;all&#8221; column_element_spacing=&#8221;default&#8221; centered_text=&#8221;true&#8221; background_color_opacity=&#8221;1&#8243; background_hover_color_opacity=&#8221;1&#8243; column_shadow=&#8221;none&#8221; column_border_radius=&#8221;none&#8221; column_link_target=&#8221;_self&#8221; gradient_direction=&#8221;left_to_right&#8221; overlay_strength=&#8221;0.3&#8243; width=&#8221;1\/1&#8243; tablet_width_inherit=&#8221;default&#8221; bg_image_animation=&#8221;none&#8221; border_type=&#8221;simple&#8221; column_border_width=&#8221;none&#8221; column_border_style=&#8221;solid&#8221;][vc_raw_html]JTNDYSUyMGhyZWYlM0QlMjJodHRwcyUzQSUyRiUyRmJvYXJkaW5ncGFzc2RtYy5tYSUyRm1pY2UlMkZ3cC1jb250ZW50JTJGdXBsb2FkcyUyRjIwMjIlMkYxMiUyRmNvdXJyaWVyLUJQLnBkZiUyMiUyMHN0eWxlJTNEJTIyY29sb3IlM0ElMjMwMDg4ZDMlM0JiYWNrZ3JvdW5kLWNvbG9yJTNBJTIzZmZmZiUzQnBhZGRpbmctcmlnaHQlM0EyMHB4JTNCcGFkZGluZy1sZWZ0JTNBMjBweCUzQnBhZGRpbmctdG9wJTNBNXB4JTNCcGFkZGluZy1ib3R0b20lM0E1cHglMjIlM0UlMEElM0NpJTIwY2xhc3MlM0QlMjJmYS1zb2xpZCUyMGZhLWVudmVsb3BlJTIyJTNFJTNDJTJGaSUzRSUwQSUzQyUyRmElM0U=[\/vc_raw_html][\/vc_column_inner][\/vc_row_inner][\/vc_column][\/vc_row]\n","protected":false},"excerpt":{"rendered":"<p>[vc_row type=&#8221;full_width_background&#8221; full_screen_row_position=&#8221;middle&#8221; column_margin=&#8221;default&#8221; column_direction=&#8221;default&#8221; column_direction_tablet=&#8221;default&#8221; column_direction_phone=&#8221;default&#8221; bg_color=&#8221;#000000&#8243; scene_position=&#8221;center&#8221; top_padding=&#8221;10&#8243; bottom_padding=&#8221;10&#8243; text_color=&#8221;dark&#8221; text_align=&#8221;left&#8221; row_border_radius=&#8221;none&#8221; row_border_radius_applies=&#8221;bg&#8221; overlay_strength=&#8221;0.3&#8243; gradient_direction=&#8221;left_to_right&#8221; shape_divider_position=&#8221;bottom&#8221; bg_image_animation=&#8221;none&#8221; shape_type=&#8221;&#8221;][vc_column column_padding=&#8221;no-extra-padding&#8221; column_padding_tablet=&#8221;inherit&#8221; column_padding_phone=&#8221;inherit&#8221; column_padding_position=&#8221;all&#8221; column_element_spacing=&#8221;default&#8221; background_color_opacity=&#8221;1&#8243; background_hover_color_opacity=&#8221;1&#8243; column_shadow=&#8221;none&#8221; column_border_radius=&#8221;none&#8221; column_link_target=&#8221;_self&#8221;&#8230;<\/p>\n","protected":false},"author":1,"featured_media":0,"parent":0,"menu_order":0,"comment_status":"closed","ping_status":"closed","template":"","meta":{"footnotes":""},"class_list":["post-367","page","type-page","status-publish"],"_links":{"self":[{"href":"https:\/\/boardingpassdmc.ma\/mice\/wp-json\/wp\/v2\/pages\/367","targetHints":{"allow":["GET"]}}],"collection":[{"href":"https:\/\/boardingpassdmc.ma\/mice\/wp-json\/wp\/v2\/pages"}],"about":[{"href":"https:\/\/boardingpassdmc.ma\/mice\/wp-json\/wp\/v2\/types\/page"}],"author":[{"embeddable":true,"href":"https:\/\/boardingpassdmc.ma\/mice\/wp-json\/wp\/v2\/users\/1"}],"replies":[{"embeddable":true,"href":"https:\/\/boardingpassdmc.ma\/mice\/wp-json\/wp\/v2\/comments?post=367"}],"version-history":[{"count":86,"href":"https:\/\/boardingpassdmc.ma\/mice\/wp-json\/wp\/v2\/pages\/367\/revisions"}],"predecessor-version":[{"id":520,"href":"https:\/\/boardingpassdmc.ma\/mice\/wp-json\/wp\/v2\/pages\/367\/revisions\/520"}],"wp:attachment":[{"href":"https:\/\/boardingpassdmc.ma\/mice\/wp-json\/wp\/v2\/media?parent=367"}],"curies":[{"name":"wp","href":"https:\/\/api.w.org\/{rel}","templated":true}]}}